{"id":12099,"date":"2022-03-28T21:43:51","date_gmt":"2022-03-28T21:43:51","guid":{"rendered":"http:\/\/wordpress.ruller-wallfahrt-meppen.de\/?page_id=12099"},"modified":"2026-02-20T20:08:12","modified_gmt":"2026-02-20T20:08:12","slug":"doppelkopfturnier","status":"publish","type":"page","link":"https:\/\/www.ruller-wallfahrt-meppen.de\/?page_id=12099","title":{"rendered":"Doppelkopfturnier"},"content":{"rendered":"\n<p><strong>Diese Veranstaltung findet mit \u00fcber 300 Besuchern immer j\u00e4hrlich am dritten Freitag im November statt und ist eins der gr\u00f6\u00dften Benefizturniere in Nordwestdeutschland!<\/strong><\/p>\n\n\n\n<figure class=\"wp-block-image size-large\"><img loading=\"lazy\" decoding=\"async\" width=\"1024\" height=\"769\" src=\"http:\/\/www.ruller-wallfahrt-meppen.de\/wp-content\/uploads\/2022\/03\/Doko_Auto-Kemper-1024x769.jpg\" alt=\"\" class=\"wp-image-12108\" srcset=\"https:\/\/www.ruller-wallfahrt-meppen.de\/wp-content\/uploads\/2022\/03\/Doko_Auto-Kemper-1024x769.jpg 1024w, https:\/\/www.ruller-wallfahrt-meppen.de\/wp-content\/uploads\/2022\/03\/Doko_Auto-Kemper-300x225.jpg 300w, https:\/\/www.ruller-wallfahrt-meppen.de\/wp-content\/uploads\/2022\/03\/Doko_Auto-Kemper-768x577.jpg 768w, https:\/\/www.ruller-wallfahrt-meppen.de\/wp-content\/uploads\/2022\/03\/Doko_Auto-Kemper-1536x1153.jpg 1536w, https:\/\/www.ruller-wallfahrt-meppen.de\/wp-content\/uploads\/2022\/03\/Doko_Auto-Kemper-2048x1538.jpg 2048w\" sizes=\"auto, (max-width: 1024px) 100vw, 1024px\" \/><figcaption class=\"wp-element-caption\">Foto: Wallfahrtsverein<\/figcaption><\/figure>\n\n\n\n<p>Seit fast 30 Jahren gibt es das Doppelkopfturnier zugunsten des Missionskreises. Gespielt wird in Viererteams in drei Runden. Die Pausen geben Gelegenheit ein k\u00fchles Getr\u00e4nk zu sich zu nehmen oder sich an der reichhaltigen Snackbar zu st\u00e4rken. Am Ende des Abends d\u00fcrfen die punktreichsten Spieler am gro\u00dfen Preistisch die Hauptgewinne mit nach Hause nehmen. <br><a href=\"https:\/\/www.ruller-wallfahrt-meppen.de\/wp-content\/uploads\/2025\/11\/Doko-Spielregeln-2025_12-Spiele.pdf\">Die Regeln dazu gibt es hier.<\/a><\/p>\n\n\n\n<figure class=\"wp-block-image size-large is-style-rounded\"><img loading=\"lazy\" decoding=\"async\" width=\"1024\" height=\"769\" src=\"http:\/\/www.ruller-wallfahrt-meppen.de\/wp-content\/uploads\/2022\/03\/P1000164-1024x769.jpg\" alt=\"\" class=\"wp-image-12109\" srcset=\"https:\/\/www.ruller-wallfahrt-meppen.de\/wp-content\/uploads\/2022\/03\/P1000164-1024x769.jpg 1024w, https:\/\/www.ruller-wallfahrt-meppen.de\/wp-content\/uploads\/2022\/03\/P1000164-300x225.jpg 300w, https:\/\/www.ruller-wallfahrt-meppen.de\/wp-content\/uploads\/2022\/03\/P1000164-768x577.jpg 768w, https:\/\/www.ruller-wallfahrt-meppen.de\/wp-content\/uploads\/2022\/03\/P1000164-1536x1153.jpg 1536w, https:\/\/www.ruller-wallfahrt-meppen.de\/wp-content\/uploads\/2022\/03\/P1000164-2048x1538.jpg 2048w\" sizes=\"auto, (max-width: 1024px) 100vw, 1024px\" \/><figcaption class=\"wp-element-caption\">Eine gro\u00dfe Tombola mit rund 700 Preisen wird zus\u00e4tzlich angeboten.<\/figcaption><\/figure>\n\n\n\n<p>Wer mit Doppelkopf nicht viel anfangen kann und den Missionskreis an diesem Event trotzdem unterst\u00fctzen m\u00f6chte, kann neben Snacks und Getr\u00e4nken sein Losgl\u00fcck an der zus\u00e4tzlichen Tombola versuchen. Auch hier gibt es hochwertige Preise zu gewinnen. Aber Achtung: Die Lose sind beliebt und schnell vergriffen!<\/p>\n\n\n\n<p>Der Erl\u00f6s geht zugunsten einer unserer Afrika-Projekte unseres Missionskreises.<\/p>\n\n\n\n<p><strong>Kartenvorverkaufsstellen<\/strong><br>in Meppen ab 1. Oktober:<br>Autohaus Kemper, Industriestr. 19 und<br>Westfalentankstelle Hemme, Schullendamm 63<br>jeweils zu den \u00d6ffnungszeiten.<\/p>\n\n\n\n<p><strong>Kartenvorbestellungen<\/strong><br>Sie haben einen l\u00e4ngeren Anfahrtsweg und m\u00f6chten Karten vorab bestellen? <br>Dazu senden Sie uns ab 1. Oktober einfach eine <strong>E-Mail mit Name, Vorname und Wohnort aller Teilnehmer<\/strong> an&nbsp;<a href=\"mailto:vorstand@ruller-wallfahrt-meppen.de\" data-type=\"mailto\" data-id=\"mailto:vorstand@ruller-wallfahrt-meppen.de\">vorstand@ruller-wallfahrt-meppen.de<\/a>.<\/p>\n\n\n\n<p><strong>Wichtige Hinweise zur Veranstaltung<\/strong><br>NEU: Einlass von <strong>18 bis 19 Uhr<\/strong> mit Abendkasse.<br>Karten aus Vorverkauf\/Vorbestellung m\u00fcssen bis 18:45 Uhr an der Abendkasse registriert sein!!! (gekennzeichnete Kasse, siehe Wegweiser im Eingang)<br>Um einen p\u00fcnktlichen Spielstart gew\u00e4hrleisten zu k\u00f6nnen, m\u00fcssen alle Spieler\/innen bis sp\u00e4testens um 19 Uhr vor Ort sein.<br>Spielbeginn 19:30 Uhr, 3 Runden \u00e1 12 Spiele mit Rundensiegern.<\/p>\n\n\n\n<p><strong>Preise<\/strong> <strong>Doppelkopfturnier<\/strong><br>insgesamt 120 Preise: Laptop, Fahrradtr\u00e4ger, Fernseher, Werkzeuge, Pr\u00e4sentk\u00f6rbe, Gutscheine, Picknickbank uvm.<\/p>\n\n\n\n<p><strong>Tombola<\/strong><br>mit ca. 700 Preisen: z. B. Fernseher, Laptop, Handwerkzeuge, Gutscheine, Pr\u00e4sentk\u00f6rbe uvm.<br>Losverkauf ab 19 Uhr f\u00fcr alle Spieler\/innen und Besucher\/innen. <br>Pro Los 1 \u20ac.<\/p>\n","protected":false},"excerpt":{"rendered":"<p>Diese Veranstaltung findet mit \u00fcber 300 Besuchern immer j\u00e4hrlich am dritten Freitag im November statt und ist eins der gr\u00f6\u00dften Benefizturniere in Nordwestdeutschland! Seit fast 30 Jahren gibt es das Doppelkopfturnier zugunsten des Missionskreises. Gespielt wird in Viererteams in drei Runden. Die Pausen geben Gelegenheit ein k\u00fchles Getr\u00e4nk zu sich zu nehmen oder sich an &hellip; <a href=\"https:\/\/www.ruller-wallfahrt-meppen.de\/?page_id=12099\" class=\"more-link\"><span class=\"screen-reader-text\">Doppelkopfturnier<\/span> weiterlesen<\/a><\/p>\n","protected":false},"author":2,"featured_media":0,"parent":0,"menu_order":0,"comment_status":"closed","ping_status":"closed","template":"","meta":{"ngg_post_thumbnail":0,"footnotes":""},"class_list":["post-12099","page","type-page","status-publish","hentry"],"_links":{"self":[{"href":"https:\/\/www.ruller-wallfahrt-meppen.de\/index.php?rest_route=\/wp\/v2\/pages\/12099","targetHints":{"allow":["GET"]}}],"collection":[{"href":"https:\/\/www.ruller-wallfahrt-meppen.de\/index.php?rest_route=\/wp\/v2\/pages"}],"about":[{"href":"https:\/\/www.ruller-wallfahrt-meppen.de\/index.php?rest_route=\/wp\/v2\/types\/page"}],"author":[{"embeddable":true,"href":"https:\/\/www.ruller-wallfahrt-meppen.de\/index.php?rest_route=\/wp\/v2\/users\/2"}],"replies":[{"embeddable":true,"href":"https:\/\/www.ruller-wallfahrt-meppen.de\/index.php?rest_route=%2Fwp%2Fv2%2Fcomments&post=12099"}],"version-history":[{"count":29,"href":"https:\/\/www.ruller-wallfahrt-meppen.de\/index.php?rest_route=\/wp\/v2\/pages\/12099\/revisions"}],"predecessor-version":[{"id":12594,"href":"https:\/\/www.ruller-wallfahrt-meppen.de\/index.php?rest_route=\/wp\/v2\/pages\/12099\/revisions\/12594"}],"wp:attachment":[{"href":"https:\/\/www.ruller-wallfahrt-meppen.de\/index.php?rest_route=%2Fwp%2Fv2%2Fmedia&parent=12099"}],"curies":[{"name":"wp","href":"https:\/\/api.w.org\/{rel}","templated":true}]}}