{"id":12239,"date":"2023-01-20T18:47:53","date_gmt":"2023-01-20T18:47:53","guid":{"rendered":"http:\/\/wordpress.ruller-wallfahrt-meppen.de\/?page_id=12239"},"modified":"2026-02-20T20:28:10","modified_gmt":"2026-02-20T20:28:10","slug":"projekte","status":"publish","type":"page","link":"https:\/\/www.ruller-wallfahrt-meppen.de\/?page_id=12239","title":{"rendered":"Projekte"},"content":{"rendered":"\n<h2 class=\"wp-block-heading\">Primarschule f\u00fcr Manica in Mosambik \/ Afrika<\/h2>\n\n\n\n<p>Die Ertr\u00e4ge aus unseren Aktionen sind zuletzt in den Bau und die Ausstattung einer Primarschule mit 3 Klassenzimmern, Sanit\u00e4ranlagen und Verwaltungs-geb\u00e4ude geflossen. Nun ist eine Erweiterung der Schule um 3 weitere Klassenzimmer geplant. Die Ausf\u00fchrung vor Ort wird von unserem Partnerverein ALMOCODDS \u00fcbernommen. Die bisherigen Zust\u00e4nde waren unhaltbar, weshalb sich der Missionskreis f\u00fcr dieses Projekt entschieden hat.<\/p>\n\n\n\n<figure class=\"wp-block-image size-full\"><img loading=\"lazy\" decoding=\"async\" width=\"1000\" height=\"453\" src=\"https:\/\/www.ruller-wallfahrt-meppen.de\/wp-content\/uploads\/2023\/09\/Unbenannt-2.png\" alt=\"\" class=\"wp-image-12353\" srcset=\"https:\/\/www.ruller-wallfahrt-meppen.de\/wp-content\/uploads\/2023\/09\/Unbenannt-2.png 1000w, https:\/\/www.ruller-wallfahrt-meppen.de\/wp-content\/uploads\/2023\/09\/Unbenannt-2-300x136.png 300w, https:\/\/www.ruller-wallfahrt-meppen.de\/wp-content\/uploads\/2023\/09\/Unbenannt-2-768x348.png 768w\" sizes=\"auto, (max-width: 1000px) 100vw, 1000px\" \/><figcaption class=\"wp-element-caption\">Das alte Schulgeb\u00e4ude von au\u00dfen. Dieses wird neben dem Neubau weiterhin genutzt. <\/figcaption><\/figure>\n\n\n\n<figure class=\"wp-block-image size-full\"><img loading=\"lazy\" decoding=\"async\" width=\"1000\" height=\"453\" src=\"https:\/\/www.ruller-wallfahrt-meppen.de\/wp-content\/uploads\/2023\/09\/Unbenannt-3.png\" alt=\"\" class=\"wp-image-12355\" srcset=\"https:\/\/www.ruller-wallfahrt-meppen.de\/wp-content\/uploads\/2023\/09\/Unbenannt-3.png 1000w, https:\/\/www.ruller-wallfahrt-meppen.de\/wp-content\/uploads\/2023\/09\/Unbenannt-3-300x136.png 300w, https:\/\/www.ruller-wallfahrt-meppen.de\/wp-content\/uploads\/2023\/09\/Unbenannt-3-768x348.png 768w\" sizes=\"auto, (max-width: 1000px) 100vw, 1000px\" \/><figcaption class=\"wp-element-caption\">Ein Klassenraum &#8230;<\/figcaption><\/figure>\n\n\n\n<figure class=\"wp-block-image size-full\"><img loading=\"lazy\" decoding=\"async\" width=\"1000\" height=\"453\" src=\"https:\/\/www.ruller-wallfahrt-meppen.de\/wp-content\/uploads\/2023\/09\/Unbenannt-4.png\" alt=\"\" class=\"wp-image-12356\" srcset=\"https:\/\/www.ruller-wallfahrt-meppen.de\/wp-content\/uploads\/2023\/09\/Unbenannt-4.png 1000w, https:\/\/www.ruller-wallfahrt-meppen.de\/wp-content\/uploads\/2023\/09\/Unbenannt-4-300x136.png 300w, https:\/\/www.ruller-wallfahrt-meppen.de\/wp-content\/uploads\/2023\/09\/Unbenannt-4-768x348.png 768w\" sizes=\"auto, (max-width: 1000px) 100vw, 1000px\" \/><figcaption class=\"wp-element-caption\">&#8230; mit jungen Sch\u00fclerinnen und Sch\u00fclern. Hinter dem Bretterverschlag befindet sich der n\u00e4chste Klassenraum.<\/figcaption><\/figure>\n\n\n\n<p><\/p>\n\n\n\n<p><\/p>\n\n\n\n<figure class=\"wp-block-image size-large\"><img loading=\"lazy\" decoding=\"async\" width=\"864\" height=\"576\" src=\"https:\/\/www.ruller-wallfahrt-meppen.de\/wp-content\/uploads\/2025\/10\/IMG-20240515-WA0002-edited.jpg\" alt=\"\" class=\"wp-image-12517\" srcset=\"https:\/\/www.ruller-wallfahrt-meppen.de\/wp-content\/uploads\/2025\/10\/IMG-20240515-WA0002-edited.jpg 864w, https:\/\/www.ruller-wallfahrt-meppen.de\/wp-content\/uploads\/2025\/10\/IMG-20240515-WA0002-edited-300x200.jpg 300w, https:\/\/www.ruller-wallfahrt-meppen.de\/wp-content\/uploads\/2025\/10\/IMG-20240515-WA0002-edited-768x512.jpg 768w\" sizes=\"auto, (max-width: 864px) 100vw, 864px\" \/><figcaption class=\"wp-element-caption\">Baubeginn im M\u00e4rz 2024<\/figcaption><\/figure>\n\n\n\n<figure class=\"wp-block-image size-large\"><img loading=\"lazy\" decoding=\"async\" width=\"1024\" height=\"576\" src=\"https:\/\/www.ruller-wallfahrt-meppen.de\/wp-content\/uploads\/2024\/06\/IMG-20240613-WA0000-1024x576.jpg\" alt=\"\" class=\"wp-image-12412\" srcset=\"https:\/\/www.ruller-wallfahrt-meppen.de\/wp-content\/uploads\/2024\/06\/IMG-20240613-WA0000-1024x576.jpg 1024w, https:\/\/www.ruller-wallfahrt-meppen.de\/wp-content\/uploads\/2024\/06\/IMG-20240613-WA0000-300x169.jpg 300w, https:\/\/www.ruller-wallfahrt-meppen.de\/wp-content\/uploads\/2024\/06\/IMG-20240613-WA0000-768x432.jpg 768w, https:\/\/www.ruller-wallfahrt-meppen.de\/wp-content\/uploads\/2024\/06\/IMG-20240613-WA0000.jpg 1280w\" sizes=\"auto, (max-width: 1024px) 100vw, 1024px\" \/><figcaption class=\"wp-element-caption\">Es geht voran!<\/figcaption><\/figure>\n\n\n\n<figure class=\"wp-block-image size-full\"><img loading=\"lazy\" decoding=\"async\" width=\"780\" height=\"428\" src=\"https:\/\/www.ruller-wallfahrt-meppen.de\/wp-content\/uploads\/2024\/07\/IMG-20240704-WA0000-1.jpg\" alt=\"\" class=\"wp-image-12433\" srcset=\"https:\/\/www.ruller-wallfahrt-meppen.de\/wp-content\/uploads\/2024\/07\/IMG-20240704-WA0000-1.jpg 780w, https:\/\/www.ruller-wallfahrt-meppen.de\/wp-content\/uploads\/2024\/07\/IMG-20240704-WA0000-1-300x165.jpg 300w, https:\/\/www.ruller-wallfahrt-meppen.de\/wp-content\/uploads\/2024\/07\/IMG-20240704-WA0000-1-768x421.jpg 768w\" sizes=\"auto, (max-width: 780px) 100vw, 780px\" \/><figcaption class=\"wp-element-caption\">Baustand Juni 2024<\/figcaption><\/figure>\n\n\n\n<figure class=\"wp-block-image size-full\"><img loading=\"lazy\" decoding=\"async\" width=\"780\" height=\"709\" src=\"https:\/\/www.ruller-wallfahrt-meppen.de\/wp-content\/uploads\/2024\/09\/IMG-20240819-WA0000.jpg\" alt=\"\" class=\"wp-image-12438\" srcset=\"https:\/\/www.ruller-wallfahrt-meppen.de\/wp-content\/uploads\/2024\/09\/IMG-20240819-WA0000.jpg 780w, https:\/\/www.ruller-wallfahrt-meppen.de\/wp-content\/uploads\/2024\/09\/IMG-20240819-WA0000-300x273.jpg 300w, https:\/\/www.ruller-wallfahrt-meppen.de\/wp-content\/uploads\/2024\/09\/IMG-20240819-WA0000-768x698.jpg 768w\" sizes=\"auto, (max-width: 780px) 100vw, 780px\" \/><\/figure>\n\n\n\n<figure data-wp-context=\"{&quot;imageId&quot;:&quot;69f73ae189ec2&quot;}\" data-wp-interactive=\"core\/image\" class=\"wp-block-image size-large wp-lightbox-container\"><img loading=\"lazy\" decoding=\"async\" width=\"1024\" height=\"650\" data-wp-class--hide=\"state.isContentHidden\" data-wp-class--show=\"state.isContentVisible\" data-wp-init=\"callbacks.setButtonStyles\" data-wp-on-async--click=\"actions.showLightbox\" data-wp-on-async--load=\"callbacks.setButtonStyles\" data-wp-on-async-window--resize=\"callbacks.setButtonStyles\" src=\"https:\/\/www.ruller-wallfahrt-meppen.de\/wp-content\/uploads\/2024\/09\/Escritorio-Sala-2024-08-30-at-15.29.42-1024x650.jpeg\" alt=\"\" class=\"wp-image-12439\" srcset=\"https:\/\/www.ruller-wallfahrt-meppen.de\/wp-content\/uploads\/2024\/09\/Escritorio-Sala-2024-08-30-at-15.29.42-1024x650.jpeg 1024w, https:\/\/www.ruller-wallfahrt-meppen.de\/wp-content\/uploads\/2024\/09\/Escritorio-Sala-2024-08-30-at-15.29.42-300x191.jpeg 300w, https:\/\/www.ruller-wallfahrt-meppen.de\/wp-content\/uploads\/2024\/09\/Escritorio-Sala-2024-08-30-at-15.29.42-768x488.jpeg 768w, https:\/\/www.ruller-wallfahrt-meppen.de\/wp-content\/uploads\/2024\/09\/Escritorio-Sala-2024-08-30-at-15.29.42.jpeg 1200w\" sizes=\"auto, (max-width: 1024px) 100vw, 1024px\" \/><button\n\t\t\tclass=\"lightbox-trigger\"\n\t\t\ttype=\"button\"\n\t\t\taria-haspopup=\"dialog\"\n\t\t\taria-label=\"Vergr\u00f6\u00dfern\"\n\t\t\tdata-wp-init=\"callbacks.initTriggerButton\"\n\t\t\tdata-wp-on-async--click=\"actions.showLightbox\"\n\t\t\tdata-wp-style--right=\"state.imageButtonRight\"\n\t\t\tdata-wp-style--top=\"state.imageButtonTop\"\n\t\t>\n\t\t\t<svg xmlns=\"http:\/\/www.w3.org\/2000\/svg\" width=\"12\" height=\"12\" fill=\"none\" viewBox=\"0 0 12 12\">\n\t\t\t\t<path fill=\"#fff\" d=\"M2 0a2 2 0 0 0-2 2v2h1.5V2a.5.5 0 0 1 .5-.5h2V0H2Zm2 10.5H2a.5.5 0 0 1-.5-.5V8H0v2a2 2 0 0 0 2 2h2v-1.5ZM8 12v-1.5h2a.5.5 0 0 0 .5-.5V8H12v2a2 2 0 0 1-2 2H8Zm2-12a2 2 0 0 1 2 2v2h-1.5V2a.5.5 0 0 0-.5-.5H8V0h2Z\" \/>\n\t\t\t<\/svg>\n\t\t<\/button><figcaption class=\"wp-element-caption\">Baustand September 2024<\/figcaption><\/figure>\n\n\n\n<figure data-wp-context=\"{&quot;imageId&quot;:&quot;69f73ae18a8d5&quot;}\" data-wp-interactive=\"core\/image\" class=\"wp-block-image size-large wp-lightbox-container\"><img loading=\"lazy\" decoding=\"async\" width=\"1024\" height=\"472\" data-wp-class--hide=\"state.isContentHidden\" data-wp-class--show=\"state.isContentVisible\" data-wp-init=\"callbacks.setButtonStyles\" data-wp-on-async--click=\"actions.showLightbox\" data-wp-on-async--load=\"callbacks.setButtonStyles\" data-wp-on-async-window--resize=\"callbacks.setButtonStyles\" src=\"https:\/\/www.ruller-wallfahrt-meppen.de\/wp-content\/uploads\/2025\/10\/WhatsApp-Image-2025-10-14-at-17.59.27-1024x472.jpeg\" alt=\"\" class=\"wp-image-12513\" srcset=\"https:\/\/www.ruller-wallfahrt-meppen.de\/wp-content\/uploads\/2025\/10\/WhatsApp-Image-2025-10-14-at-17.59.27-1024x472.jpeg 1024w, https:\/\/www.ruller-wallfahrt-meppen.de\/wp-content\/uploads\/2025\/10\/WhatsApp-Image-2025-10-14-at-17.59.27-300x138.jpeg 300w, https:\/\/www.ruller-wallfahrt-meppen.de\/wp-content\/uploads\/2025\/10\/WhatsApp-Image-2025-10-14-at-17.59.27-768x354.jpeg 768w, https:\/\/www.ruller-wallfahrt-meppen.de\/wp-content\/uploads\/2025\/10\/WhatsApp-Image-2025-10-14-at-17.59.27-1536x708.jpeg 1536w, https:\/\/www.ruller-wallfahrt-meppen.de\/wp-content\/uploads\/2025\/10\/WhatsApp-Image-2025-10-14-at-17.59.27.jpeg 1600w\" sizes=\"auto, (max-width: 1024px) 100vw, 1024px\" \/><button\n\t\t\tclass=\"lightbox-trigger\"\n\t\t\ttype=\"button\"\n\t\t\taria-haspopup=\"dialog\"\n\t\t\taria-label=\"Vergr\u00f6\u00dfern\"\n\t\t\tdata-wp-init=\"callbacks.initTriggerButton\"\n\t\t\tdata-wp-on-async--click=\"actions.showLightbox\"\n\t\t\tdata-wp-style--right=\"state.imageButtonRight\"\n\t\t\tdata-wp-style--top=\"state.imageButtonTop\"\n\t\t>\n\t\t\t<svg xmlns=\"http:\/\/www.w3.org\/2000\/svg\" width=\"12\" height=\"12\" fill=\"none\" viewBox=\"0 0 12 12\">\n\t\t\t\t<path fill=\"#fff\" d=\"M2 0a2 2 0 0 0-2 2v2h1.5V2a.5.5 0 0 1 .5-.5h2V0H2Zm2 10.5H2a.5.5 0 0 1-.5-.5V8H0v2a2 2 0 0 0 2 2h2v-1.5ZM8 12v-1.5h2a.5.5 0 0 0 .5-.5V8H12v2a2 2 0 0 1-2 2H8Zm2-12a2 2 0 0 1 2 2v2h-1.5V2a.5.5 0 0 0-.5-.5H8V0h2Z\" \/>\n\t\t\t<\/svg>\n\t\t<\/button><figcaption class=\"wp-element-caption\">Die fertige Schule<\/figcaption><\/figure>\n\n\n\n<figure data-wp-context=\"{&quot;imageId&quot;:&quot;69f73ae18b231&quot;}\" data-wp-interactive=\"core\/image\" class=\"wp-block-image size-large wp-lightbox-container\"><img loading=\"lazy\" decoding=\"async\" width=\"1024\" height=\"472\" data-wp-class--hide=\"state.isContentHidden\" data-wp-class--show=\"state.isContentVisible\" data-wp-init=\"callbacks.setButtonStyles\" data-wp-on-async--click=\"actions.showLightbox\" data-wp-on-async--load=\"callbacks.setButtonStyles\" data-wp-on-async-window--resize=\"callbacks.setButtonStyles\" src=\"https:\/\/www.ruller-wallfahrt-meppen.de\/wp-content\/uploads\/2025\/10\/WhatsApp-Image-2025-10-14-at-17.57.06-1024x472.jpeg\" alt=\"\" class=\"wp-image-12511\" srcset=\"https:\/\/www.ruller-wallfahrt-meppen.de\/wp-content\/uploads\/2025\/10\/WhatsApp-Image-2025-10-14-at-17.57.06-1024x472.jpeg 1024w, https:\/\/www.ruller-wallfahrt-meppen.de\/wp-content\/uploads\/2025\/10\/WhatsApp-Image-2025-10-14-at-17.57.06-300x138.jpeg 300w, https:\/\/www.ruller-wallfahrt-meppen.de\/wp-content\/uploads\/2025\/10\/WhatsApp-Image-2025-10-14-at-17.57.06-768x354.jpeg 768w, https:\/\/www.ruller-wallfahrt-meppen.de\/wp-content\/uploads\/2025\/10\/WhatsApp-Image-2025-10-14-at-17.57.06-1536x708.jpeg 1536w, https:\/\/www.ruller-wallfahrt-meppen.de\/wp-content\/uploads\/2025\/10\/WhatsApp-Image-2025-10-14-at-17.57.06.jpeg 1600w\" sizes=\"auto, (max-width: 1024px) 100vw, 1024px\" \/><button\n\t\t\tclass=\"lightbox-trigger\"\n\t\t\ttype=\"button\"\n\t\t\taria-haspopup=\"dialog\"\n\t\t\taria-label=\"Vergr\u00f6\u00dfern\"\n\t\t\tdata-wp-init=\"callbacks.initTriggerButton\"\n\t\t\tdata-wp-on-async--click=\"actions.showLightbox\"\n\t\t\tdata-wp-style--right=\"state.imageButtonRight\"\n\t\t\tdata-wp-style--top=\"state.imageButtonTop\"\n\t\t>\n\t\t\t<svg xmlns=\"http:\/\/www.w3.org\/2000\/svg\" width=\"12\" height=\"12\" fill=\"none\" viewBox=\"0 0 12 12\">\n\t\t\t\t<path fill=\"#fff\" d=\"M2 0a2 2 0 0 0-2 2v2h1.5V2a.5.5 0 0 1 .5-.5h2V0H2Zm2 10.5H2a.5.5 0 0 1-.5-.5V8H0v2a2 2 0 0 0 2 2h2v-1.5ZM8 12v-1.5h2a.5.5 0 0 0 .5-.5V8H12v2a2 2 0 0 1-2 2H8Zm2-12a2 2 0 0 1 2 2v2h-1.5V2a.5.5 0 0 0-.5-.5H8V0h2Z\" \/>\n\t\t\t<\/svg>\n\t\t<\/button><figcaption class=\"wp-element-caption\">Kinder der 2. Klasse in der neuen Schule<\/figcaption><\/figure>\n\n\n\n<figure data-wp-context=\"{&quot;imageId&quot;:&quot;69f73ae18bb34&quot;}\" data-wp-interactive=\"core\/image\" class=\"wp-block-image size-large wp-lightbox-container\"><img loading=\"lazy\" decoding=\"async\" width=\"1024\" height=\"472\" data-wp-class--hide=\"state.isContentHidden\" data-wp-class--show=\"state.isContentVisible\" data-wp-init=\"callbacks.setButtonStyles\" data-wp-on-async--click=\"actions.showLightbox\" data-wp-on-async--load=\"callbacks.setButtonStyles\" data-wp-on-async-window--resize=\"callbacks.setButtonStyles\" src=\"https:\/\/www.ruller-wallfahrt-meppen.de\/wp-content\/uploads\/2025\/10\/WhatsApp-Image-2025-10-14-at-18.01.38-1024x472.jpeg\" alt=\"\" class=\"wp-image-12515\" srcset=\"https:\/\/www.ruller-wallfahrt-meppen.de\/wp-content\/uploads\/2025\/10\/WhatsApp-Image-2025-10-14-at-18.01.38-1024x472.jpeg 1024w, https:\/\/www.ruller-wallfahrt-meppen.de\/wp-content\/uploads\/2025\/10\/WhatsApp-Image-2025-10-14-at-18.01.38-300x138.jpeg 300w, https:\/\/www.ruller-wallfahrt-meppen.de\/wp-content\/uploads\/2025\/10\/WhatsApp-Image-2025-10-14-at-18.01.38-768x354.jpeg 768w, https:\/\/www.ruller-wallfahrt-meppen.de\/wp-content\/uploads\/2025\/10\/WhatsApp-Image-2025-10-14-at-18.01.38-1536x708.jpeg 1536w, https:\/\/www.ruller-wallfahrt-meppen.de\/wp-content\/uploads\/2025\/10\/WhatsApp-Image-2025-10-14-at-18.01.38.jpeg 1600w\" sizes=\"auto, (max-width: 1024px) 100vw, 1024px\" \/><button\n\t\t\tclass=\"lightbox-trigger\"\n\t\t\ttype=\"button\"\n\t\t\taria-haspopup=\"dialog\"\n\t\t\taria-label=\"Vergr\u00f6\u00dfern\"\n\t\t\tdata-wp-init=\"callbacks.initTriggerButton\"\n\t\t\tdata-wp-on-async--click=\"actions.showLightbox\"\n\t\t\tdata-wp-style--right=\"state.imageButtonRight\"\n\t\t\tdata-wp-style--top=\"state.imageButtonTop\"\n\t\t>\n\t\t\t<svg xmlns=\"http:\/\/www.w3.org\/2000\/svg\" width=\"12\" height=\"12\" fill=\"none\" viewBox=\"0 0 12 12\">\n\t\t\t\t<path fill=\"#fff\" d=\"M2 0a2 2 0 0 0-2 2v2h1.5V2a.5.5 0 0 1 .5-.5h2V0H2Zm2 10.5H2a.5.5 0 0 1-.5-.5V8H0v2a2 2 0 0 0 2 2h2v-1.5ZM8 12v-1.5h2a.5.5 0 0 0 .5-.5V8H12v2a2 2 0 0 1-2 2H8Zm2-12a2 2 0 0 1 2 2v2h-1.5V2a.5.5 0 0 0-.5-.5H8V0h2Z\" \/>\n\t\t\t<\/svg>\n\t\t<\/button><figcaption class=\"wp-element-caption\">Das Verwaltungsgeb\u00e4ude<\/figcaption><\/figure>\n\n\n\n<figure class=\"wp-block-video\"><video controls src=\"https:\/\/www.ruller-wallfahrt-meppen.de\/wp-content\/uploads\/2025\/10\/WhatsApp-Video-2025-10-14-at-18.02.36.mp4\"><\/video><figcaption class=\"wp-element-caption\">Kinder singen die mosambikanische Nationalhymne vor Schulbeginn<\/figcaption><\/figure>\n","protected":false},"excerpt":{"rendered":"<p>Primarschule f\u00fcr Manica in Mosambik \/ Afrika Die Ertr\u00e4ge aus unseren Aktionen sind zuletzt in den Bau und die Ausstattung einer Primarschule mit 3 Klassenzimmern, Sanit\u00e4ranlagen und Verwaltungs-geb\u00e4ude geflossen. Nun ist eine Erweiterung der Schule um 3 weitere Klassenzimmer geplant. Die Ausf\u00fchrung vor Ort wird von unserem Partnerverein ALMOCODDS \u00fcbernommen. Die bisherigen Zust\u00e4nde waren unhaltbar, &hellip; <a href=\"https:\/\/www.ruller-wallfahrt-meppen.de\/?page_id=12239\" class=\"more-link\"><span class=\"screen-reader-text\">Projekte<\/span> weiterlesen<\/a><\/p>\n","protected":false},"author":1,"featured_media":0,"parent":0,"menu_order":0,"comment_status":"closed","ping_status":"closed","template":"","meta":{"ngg_post_thumbnail":0,"footnotes":""},"class_list":["post-12239","page","type-page","status-publish","hentry"],"_links":{"self":[{"href":"https:\/\/www.ruller-wallfahrt-meppen.de\/index.php?rest_route=\/wp\/v2\/pages\/12239","targetHints":{"allow":["GET"]}}],"collection":[{"href":"https:\/\/www.ruller-wallfahrt-meppen.de\/index.php?rest_route=\/wp\/v2\/pages"}],"about":[{"href":"https:\/\/www.ruller-wallfahrt-meppen.de\/index.php?rest_route=\/wp\/v2\/types\/page"}],"author":[{"embeddable":true,"href":"https:\/\/www.ruller-wallfahrt-meppen.de\/index.php?rest_route=\/wp\/v2\/users\/1"}],"replies":[{"embeddable":true,"href":"https:\/\/www.ruller-wallfahrt-meppen.de\/index.php?rest_route=%2Fwp%2Fv2%2Fcomments&post=12239"}],"version-history":[{"count":17,"href":"https:\/\/www.ruller-wallfahrt-meppen.de\/index.php?rest_route=\/wp\/v2\/pages\/12239\/revisions"}],"predecessor-version":[{"id":12598,"href":"https:\/\/www.ruller-wallfahrt-meppen.de\/index.php?rest_route=\/wp\/v2\/pages\/12239\/revisions\/12598"}],"wp:attachment":[{"href":"https:\/\/www.ruller-wallfahrt-meppen.de\/index.php?rest_route=%2Fwp%2Fv2%2Fmedia&parent=12239"}],"curies":[{"name":"wp","href":"https:\/\/api.w.org\/{rel}","templated":true}]}}