{"id":12395,"date":"2024-05-12T13:19:01","date_gmt":"2024-05-12T13:19:01","guid":{"rendered":"https:\/\/www.ruller-wallfahrt-meppen.de\/?page_id=12395"},"modified":"2026-02-20T20:05:53","modified_gmt":"2026-02-20T20:05:53","slug":"wallfahrt-2024","status":"publish","type":"page","link":"https:\/\/www.ruller-wallfahrt-meppen.de\/?page_id=12395","title":{"rendered":"Wallfahrt 2024 &#8211; Eindr\u00fccke einer Erstteilnehmerin"},"content":{"rendered":"\n<p><strong>Ein unbeschreibliches Gef\u00fchl<\/strong><\/p>\n\n\n\n<p>Gastbeitrag zur Ruller Wallfahrt 2024 von Heike H\u00fcsers<\/p>\n\n\n\n<p>Es ist wundersch\u00f6nes Fr\u00fchlingswetter, Ende April. Mir f\u00e4llt spontan Vieles ein, was man machen k\u00f6nnte. Im Garten sitzen bei Kaffee und Kuchen zum Beispiel. Oder in den Mai tanzen. Oder am See picknicken. Oder, oder, oder. Warum also &#8211; die Frage ist nicht ganz unberechtigt &#8211; sollte man all die sch\u00f6nen Dinge nicht tun und stattdessen an zwei Tagen von Meppen nach Rulle laufen? Das sind immerhin knapp 80 Kilo-meter, Blasen an den F\u00fc\u00dfen sind vorprogrammiert, ebenso schrecklicher Muskel-kater. Ich wage mal eine Antwort.<\/p>\n\n\n\n<p>Zun\u00e4chst ein Blick in die Geschichte des Wallfahrtsortes Rulle. In unmittelbarer N\u00e4he zu Osnabr\u00fcck gelegen, bietet die Pilgerst\u00e4tte gleich zwei Legenden von religi\u00f6ser Bedeutung. Im 14. Jahrhundert wurden achtlos Hostien auf eine Wiese geworfen und ein paar Tage sp\u00e4ter als blutige Fleischst\u00fcckchen wieder aufgefunden. Damit war das sogenannte &#8222;Blutwunder&#8220; begr\u00fcndet, am Fundort wurde eine Kapelle gebaut. Ungef\u00e4hr dort steht heute die Wallfahrtskirche St. Johannes. Der Marien-brunnen in direkter N\u00e4he befindet sich auf einer Quelle, die heute noch aktiv ist. Ein blinder Hirte, so eine weitere Erz\u00e4hlung, entdeckte sie zuf\u00e4llig, bestrich sich die Augen mit dem Wasser und konnte wenig sp\u00e4ter wieder sehen. Wer sich schwertut mit Wundern dieser Art, kommt einfach nur zur Marienverehrung nach Rulle. Seit dem fr\u00fchen 18. Jahrhundert steht dort ein Bild der Schmerzhaften Mutter.<\/p>\n\n\n\n<p>Auch ich begebe mich auf diese Pilgerreise. Ich will wissen, was sie so besonders macht. Schlie\u00dflich hatte meine Mutter die Wallfahrt nach Rulle mehr als 15 Mal unternommen und kam jedes Mal beseelt zur\u00fcck. Ich mache mich also am 29. April morgens um 7.00 Uhr zusammen mit fast 70 Pilgerinnen und Pilgern auf den Weg. Die erfahrenen Wallfahrer finden sofort in einen Rhythmus aus Liedern, Rosen-kr\u00e4nzen, Litaneien und Gebeten. Ich dagegen brauche etwas. Zum Gl\u00fcck nimmt es mir niemand \u00fcbel, dass ich mich ab und zu ausklinke, um meinen eigenen Gedanken nachzuh\u00e4ngen oder einfach nur den Blick \u00fcber die knallgelben Rapsfelder schweifen zu lassen. Mit der Zeit aber entfalten immer mehr Texte &#8211; auch die sehr bekannten &#8211; in der Gemeinschaft der Wallfahrt eine neue Wirkung. &#8222;Oh Haupt voll Blut und Wunden&#8220; etwa, verfasst von dem bedeutenden Kirchenliederdichter Paul Gerhardt. Mich ber\u00fchrt die Gastfreundlichkeit, die uns auf vielen Bauernh\u00f6fen und in kleinen Gemeinden entgegengebracht wird. Liebevoll gedeckte Tische, prall gef\u00fcllte Tafeln mit Kuchen und Obst. Der Grill wird angeworfen, ein Schn\u00e4pschen f\u00fcr den Kreislauf gereicht.<\/p>\n\n\n\n<p>Nach zwei langen Tagen dann endlich das Ortsschild &#8222;Rulle&#8220;. Wir werden vom Pastor und zwei Messdienerinnen empfangen, an den Stra\u00dfenr\u00e4ndern stehen Menschen und winken uns zu. Mir wird warm ums Herz. Die Wallfahrtskirche ist in Sicht, die Glocken l\u00e4uten. Wir singen ein Marienlied, als wir dort einziehen. Und dann, ganz pl\u00f6tzlich, an der Schwelle zur Kirche, werde ich derart \u00fcberw\u00e4ltigt, dass es mir buch-st\u00e4blich die Sprache verschl\u00e4gt. Tr\u00e4nen laufen mir \u00fcber die Wangen. Ich w\u00fcrde so gerne einstimmen in &#8222;Gro\u00dfer Gott wir loben dich&#8220;, aber ich kann es nicht. Ein unbe-schreibliches Gef\u00fchl. Mir fallen die Worte meiner Mutter ein: &#8222;Von der Wallfahrt zehre ich immer ganz lange.&#8220; Ich verstehe sie jetzt.<\/p>\n\n\n\n<p>In diesem Sinne danke ich dem Ruller Wallfahrtsverein f\u00fcr die sehr herzliche Aufnahme. Und danke, Mama, f\u00fcr dieses Verm\u00e4chtnis. Bis zum n\u00e4chsten Jahr!<\/p>\n\n\n\n<p><\/p>\n","protected":false},"excerpt":{"rendered":"<p>Ein unbeschreibliches Gef\u00fchl Gastbeitrag zur Ruller Wallfahrt 2024 von Heike H\u00fcsers Es ist wundersch\u00f6nes Fr\u00fchlingswetter, Ende April. Mir f\u00e4llt spontan Vieles ein, was man machen k\u00f6nnte. Im Garten sitzen bei Kaffee und Kuchen zum Beispiel. Oder in den Mai tanzen. Oder am See picknicken. Oder, oder, oder. Warum also &#8211; die Frage ist nicht ganz &hellip; <a href=\"https:\/\/www.ruller-wallfahrt-meppen.de\/?page_id=12395\" class=\"more-link\"><span class=\"screen-reader-text\">Wallfahrt 2024 &#8211; Eindr\u00fccke einer Erstteilnehmerin<\/span> weiterlesen<\/a><\/p>\n","protected":false},"author":3,"featured_media":0,"parent":11921,"menu_order":1,"comment_status":"closed","ping_status":"closed","template":"","meta":{"ngg_post_thumbnail":0,"footnotes":""},"class_list":["post-12395","page","type-page","status-publish","hentry"],"_links":{"self":[{"href":"https:\/\/www.ruller-wallfahrt-meppen.de\/index.php?rest_route=\/wp\/v2\/pages\/12395","targetHints":{"allow":["GET"]}}],"collection":[{"href":"https:\/\/www.ruller-wallfahrt-meppen.de\/index.php?rest_route=\/wp\/v2\/pages"}],"about":[{"href":"https:\/\/www.ruller-wallfahrt-meppen.de\/index.php?rest_route=\/wp\/v2\/types\/page"}],"author":[{"embeddable":true,"href":"https:\/\/www.ruller-wallfahrt-meppen.de\/index.php?rest_route=\/wp\/v2\/users\/3"}],"replies":[{"embeddable":true,"href":"https:\/\/www.ruller-wallfahrt-meppen.de\/index.php?rest_route=%2Fwp%2Fv2%2Fcomments&post=12395"}],"version-history":[{"count":8,"href":"https:\/\/www.ruller-wallfahrt-meppen.de\/index.php?rest_route=\/wp\/v2\/pages\/12395\/revisions"}],"predecessor-version":[{"id":12592,"href":"https:\/\/www.ruller-wallfahrt-meppen.de\/index.php?rest_route=\/wp\/v2\/pages\/12395\/revisions\/12592"}],"up":[{"embeddable":true,"href":"https:\/\/www.ruller-wallfahrt-meppen.de\/index.php?rest_route=\/wp\/v2\/pages\/11921"}],"wp:attachment":[{"href":"https:\/\/www.ruller-wallfahrt-meppen.de\/index.php?rest_route=%2Fwp%2Fv2%2Fmedia&parent=12395"}],"curies":[{"name":"wp","href":"https:\/\/api.w.org\/{rel}","templated":true}]}}