{"id":9729,"date":"2018-01-14T16:10:14","date_gmt":"2018-01-14T16:10:14","guid":{"rendered":"http:\/\/wordpress.ruller-wallfahrt-meppen.de\/?page_id=9729"},"modified":"2026-03-29T09:24:21","modified_gmt":"2026-03-29T09:24:21","slug":"termine","status":"publish","type":"page","link":"https:\/\/www.ruller-wallfahrt-meppen.de\/?page_id=9729","title":{"rendered":"Termine"},"content":{"rendered":"\n<h3 class=\"wp-block-heading\">Wiederkehrender Termin:<\/h3>\n\n\n\n<p class=\"has-text-align-left\"><span class=\"Stil12\">Wir laden Sie ein, an der allj\u00e4hrlichen &#8222;Fu\u00dfwallfahrt zur Verehrung des kostbaren Blutes Christi und der schmerzhaften Mutter Maria&#8220; von Meppen nach Rulle und zur\u00fcck in der Zeit vom <span class=\"Stil11\">29. April <\/span>bis&nbsp;<span class=\"Stil11\">03. Mai<\/span>&nbsp;teilzunehmen.&nbsp;<\/span><a href=\"https:\/\/www.ruller-wallfahrt-meppen.de\/?page_id=12007\"><span class=\"Stil15\">(Details zum Ablauf)<\/span><\/a><\/p>\n\n\n\n<p><strong style=\"font-size: revert;\"><u>Termine 2026<\/u><\/strong><\/p>\n\n\n\n<p>25<em>. M\u00e4rz 2026 um 20 Uhr&nbsp;<\/em><br><strong>Mitgliederversammlung\/vorbereitende Versammlung zur <a href=\"http:\/\/wordpress.ruller-wallfahrt-meppen.de\/?page_id=11921\">Fu\u00dfwallfahrt<\/a><\/strong><br>im Propsteigemeindehaus St. Vitus Meppen, Domhof 18.<br>Wir beginnen zun\u00e4chst mit einer gemeinsamen Abendmesse um 19 Uhr in der Propsteikirche.<br><em><em><em><em><em><em><em>Alle Interessierten und Erstteilnehmer, auch ohne Vereinsbezug sind herzlich willkommen!<\/em><\/em><\/em><\/em><\/em><\/em><\/em><\/p>\n\n\n\n<p>22<em>. M\u00e4rz 2026<br><\/em><strong>Kreuzweg Bokeloh<br><\/strong><span style=\"font-size: revert;\">Treffpunkt ist die erste Station des Kreuzweges an der Ecke Bokeloher Stra\u00dfe\/Dammstra\u00dfe in Meppen. Anschlie\u00dfend gibt es Kaffee und Kuchen im Pfarrheim in Bokeloh.<\/span><\/p>\n\n\n\n<p><em>29. April bis 3. Mai 2026<\/em><strong><br>5-t\u00e4gige Fu\u00dfwallfahrt von Meppen nach Rulle\u00a0und zur\u00fcck.<\/strong><u><br><\/u>Informationen \u00fcber den Vorstand. Anmeldungen mit <a href=\"https:\/\/www.ruller-wallfahrt-meppen.de\/wp-content\/uploads\/2026\/03\/Anmeldung-zur-Wallfahrt-2026.pdf\">Formular<\/a> bis 1<strong>. April 2026<\/strong>\u00a0per E-Mail an\u00a0<a href=\"mailto:kontakt@ruller-wallfahrt-meppen.de\">kontakt@ruller-wallfahrt-meppen.de<\/a> , oder \u00fcber den Vorstand unter 05931 4968884.<br><a href=\"http:\/\/wordpress.ruller-wallfahrt-meppen.de\/?page_id=11921\">Weitere Informationen<\/a><\/p>\n\n\n\n<p>n\u00e4chste <strong>Buswallfahrt nach Rulle<\/strong> in 2027<br>Abfahrt ist um 8:00 Uhr vom Busbahnhof Meppen.<br>Um 10 Uhr nehmen wir am Hochamt in der St. Johannes Kirche in Rulle teil.<br>Anschlie\u00dfend werden wir in der Gastst\u00e4tte Nieporte zum Mittagessen erwartet.<br>Nach dem gemeinsamen Kreuzweg geht es gegen 14:30 Uhr zur\u00fcck nach Meppen.<\/p>\n\n\n\n<p>5<em>. September 2026 \/ 12. September 2026<\/em><strong><br>Verkauf von Herbstkr\u00e4nzen<\/strong><br>In diesem Jahr sind wir mit unserem Stand zun\u00e4chst am 5. 9. beim Herbstmarkt in Borken sowie am 12.9. auf dem Rathausmarkt in Meppen vertreten. Dort werden wir wie gewohnt unsere Herbstkr\u00e4nze sowie Gestecke und Zierk\u00fcrbisse anbieten.<br><a href=\"http:\/\/wordpress.ruller-wallfahrt-meppen.de\/?page_id=12012\">Weitere Informationen&nbsp;<\/a><\/p>\n\n\n\n<p><em>20. November 2026<\/em><strong><br>Missionskreis:&nbsp;Preisdoppelkopfturnier und Tombola.&nbsp;<\/strong><br>Veranstaltungshalle Autohaus Kemper, Industriestr. 19, 49716 Meppen.<br><strong><span style=\"color: #ff0000;\">NEU:<span style=\"color: #000000;\"> Einlass von <span style=\"color: #ff0000;\">18 bis 19 Uhr<\/span> mit Abendkasse.<\/span><\/span><\/strong><br><strong><strong><span style=\"color: #ff0000;\">Karten aus Vorverkauf\/Vorbestellung m\u00fcssen bis 18:45 Uhr <\/span><\/strong><\/strong><strong><span style=\"color: #ff0000;\">an der Abendkasse registriert sein!!!<br><\/span><\/strong><span style=\"color: #000000;\"> (gekennzeichnete Kasse, siehe Wegweiser im Eingang)<\/span><br><strong><span style=\"color: #ff0000;\">Um einen p\u00fcnktlichen Spielstart gew\u00e4hrleisten zu k\u00f6nnen, m\u00fcssen alle Spieler\/innen bis sp\u00e4testens um 19 Uhr vor Ort sein.<\/span><\/strong><br>Spielbeginn 19:30 Uhr, 3 Runden \u00e1 12 Spiele mit Rundensiegern.<br><a href=\"http:\/\/wordpress.ruller-wallfahrt-meppen.de\/?page_id=12099\">Weitere Informationen&nbsp;&nbsp;<\/a><\/p>\n\n\n\n<p><em>Dezember 2026<\/em><br><strong>Missionskreis: Weihnachtsbaumverkauf vom 6. &#8211; 23.12.2026<\/strong><\/p>\n\n\n\n<p>Parkplatz am Leichtathletikstadion am Helter Damm.<br>Montags bis Samstags ab 9:00 Uhr bis zur D\u00e4mmerung.<br>Der Verkaufsbeginn wird in der regionalen Presse ver\u00f6ffentlicht.<br><a href=\"https:\/\/www.ruller-wallfahrt-meppen.de\/?page_id=12170\">Weitere Informationen<\/a><\/p>\n\n\n\n<p><\/p>\n","protected":false},"excerpt":{"rendered":"<p>Wiederkehrender Termin: Wir laden Sie ein, an der allj\u00e4hrlichen &#8222;Fu\u00dfwallfahrt zur Verehrung des kostbaren Blutes Christi und der schmerzhaften Mutter Maria&#8220; von Meppen nach Rulle und zur\u00fcck in der Zeit vom 29. April bis&nbsp;03. Mai&nbsp;teilzunehmen.&nbsp;(Details zum Ablauf) Termine 2026 25. M\u00e4rz 2026 um 20 Uhr&nbsp;Mitgliederversammlung\/vorbereitende Versammlung zur Fu\u00dfwallfahrtim Propsteigemeindehaus St. Vitus Meppen, Domhof 18.Wir beginnen &hellip; <a href=\"https:\/\/www.ruller-wallfahrt-meppen.de\/?page_id=9729\" class=\"more-link\"><span class=\"screen-reader-text\">Termine<\/span> weiterlesen<\/a><\/p>\n","protected":false},"author":3,"featured_media":0,"parent":0,"menu_order":0,"comment_status":"closed","ping_status":"closed","template":"","meta":{"ngg_post_thumbnail":0,"footnotes":""},"class_list":["post-9729","page","type-page","status-publish","hentry"],"_links":{"self":[{"href":"https:\/\/www.ruller-wallfahrt-meppen.de\/index.php?rest_route=\/wp\/v2\/pages\/9729","targetHints":{"allow":["GET"]}}],"collection":[{"href":"https:\/\/www.ruller-wallfahrt-meppen.de\/index.php?rest_route=\/wp\/v2\/pages"}],"about":[{"href":"https:\/\/www.ruller-wallfahrt-meppen.de\/index.php?rest_route=\/wp\/v2\/types\/page"}],"author":[{"embeddable":true,"href":"https:\/\/www.ruller-wallfahrt-meppen.de\/index.php?rest_route=\/wp\/v2\/users\/3"}],"replies":[{"embeddable":true,"href":"https:\/\/www.ruller-wallfahrt-meppen.de\/index.php?rest_route=%2Fwp%2Fv2%2Fcomments&post=9729"}],"version-history":[{"count":73,"href":"https:\/\/www.ruller-wallfahrt-meppen.de\/index.php?rest_route=\/wp\/v2\/pages\/9729\/revisions"}],"predecessor-version":[{"id":12613,"href":"https:\/\/www.ruller-wallfahrt-meppen.de\/index.php?rest_route=\/wp\/v2\/pages\/9729\/revisions\/12613"}],"wp:attachment":[{"href":"https:\/\/www.ruller-wallfahrt-meppen.de\/index.php?rest_route=%2Fwp%2Fv2%2Fmedia&parent=9729"}],"curies":[{"name":"wp","href":"https:\/\/api.w.org\/{rel}","templated":true}]}}